6172
Calculate the remainder when 352024 is divided by 15996.
112
Calculate the remainder when 302914788 is divided by 10076.
0
Calculate the remainder when 400221 is divided by 400199.
22
Calculate the remainder when 181825 is divided by 83.
55
What is the remainder when 5260116 is divided by 2630050?
16
Calculate the remainder when 265456 is divided by 13601.
7037
What is the remainder when 171645 is divided by 4086?
33
What is the remainder when 226218102 is divided by 196?
194
What is the remainder when 596892 is divided by 943?
916
What is the remainder when 1997192 is divided by 2509?
28
What is the remainder when 59830619 is divided by 15?
14
What is the remainder when 960975 is divided by 320081?
732
Calculate the remainder when 11548414 is divided by 220.
174
What is the remainder when 195214 is divided by 4665?
3949
Calculate the remainder when 403955 is divided by 4039.
55
Calculate the remainder when 16138403 is divided by 16138400.
3
Calculate the remainder when 13198 is divided by 102.
40
Calculate the remainder when 54055 is divided by 1146.
193
Calculate the remainder when 456435 is divided by 203.
91
Calculate the remainder when 46040477 is divided by 11510108.
45
Calculate the remainder when 1213437117 is divided by 14.
11
What is the remainder when 5059391 is divided by 3990?
71
Calculate the remainder when 37468 is divided by 18734.
0
Calculate the remainder when 984726 is divided by 983956.
770
What is the remainder when 1902658 is divided by 22?
10
What is the remainder when 97795 is divided by 97417?
378
Calculate the remainder when 837122 is divided by 47.
5
What is the remainder when 3428690 is divided by 22?
12
What is the remainder when 1129960 is divided by 282443?
188
Calculate the remainder when 5258604 is divided by 4892.
4596
Calculate the remainder when 121534 is divided by 70.
14
What is the remainder when 38156 is divided by 552?
68
What is the remainder when 21919489 is divided by 803?
801
What is the remainder when 4307959 is divided by 1435985?
4
Calculate the remainder when 3195288 is divided by 1065095.
3
What is the remainder when 4314 is divided by 3615?
699
What is the remainder when 1040274 is divided by 9810?
414
What is the remainder when 122676519 is divided by 222?
207
What is the remainder when 5048 is divided by 234?
134
Calculate the remainder when 38102069 is divided by 38102062.
7
What is the remainder when 69103603 is divided by 185?
183
What is the remainder when 382459 is divided by 95566?
195
Calculate the remainder when 16741177 is divided by 597899.
5
Calculate the remainder when 2152622 is divided by 538146.
38
Calculate the remainder when 8500 is divided by 6977.
1523
Calculate the remainder when 540284 is divided by 521.
7
Calculate the remainder when 18891018 is divided by 3137.
4
What is the remainder when 34803 is divided by 2320?
3
Calculate the remainder when 15688118 is divided by 2789.
2782
What is the remainder when 71645 is divided by 6110?
4435
What is the remainder when 2609736 is divided by 99?
96
What is the remainder when 1993348 is divided by 664275?
523
Calculate the remainder when 7894499 is divided by 3947248.
3
What is the remainder when 811942 is divided by 428?
26
Calculate the remainder when 2235043 is divided by 2608.
2595
What is the remainder when 114705 is divided by 8135?
815
What is the remainder when 1832411 is divided by 331?
326
Calculate the remainder when 38885779 is divided by 2839.
2835
What is the remainder when 2815762 is divided by 93858?
22
What is the remainder when 369095 is divided by 91773?
2003
What is the remainder when 1481593 is divided by 1582?
841
Calculate the remainder when 4617279 is divided by 12119.
12059
What is the remainder when 353523 is divided by 70699?
28
What is the remainder when 46969 is divided by 22916?
1137
Calculate the remainder when 16684 is divided by 16529.
155
What is the remainder when 5851577 is divided by 443?
433
Calculate the remainder when 155883 is divided by 1593.
1362
Calculate the remainder when 8144494 is divided by 678707.
10
Calculate the remainder when 3437734 is divided by 655.
294
Calculate the remainder when 1922570 is divided by 640848.
26
What is the remainder when 335196 is divided by 4286?
888
What is the remainder when 174052 is divided by 852?
244
What is the remainder when 58021208 is divided by 363?
14
What is the remainder when 8443073 is divided by 470?
463
What is the remainder when 91283 is divided by 608?
83
What is the remainder when 22635973 is divided by 11317975?
23
Calculate the remainder when 1020966 is divided by 340135.
561
Calculate the remainder when 8963930 is divided by 139.
98
Calculate the remainder when 81120694 is divided by 4812.
4810
What is the remainder when 9250 is divided by 8690?
560
Calculate the remainder when 127674 is divided by 21271.
48
Calculate the remainder when 1225741 is divided by 408436.
433
What is the remainder when 69501 is divided by 6916?
341
What is the remainder when 32704913 is divided by 3617?
3616
Calculate the remainder when 2142414 is divided by 1071206.
2
What is the remainder when 2247258 is divided by 811?
788
Calculate the remainder when 11370866 is divided by 67.
28
What is the remainder when 1169620 is divided by 389?
286
What is the remainder when 1508607 is divided by 318?
15
What is the remainder when 32919483 is divided by 149?
19
What is the remainder when 349298 is divided by 43479?
1466
Calculate the remainder when 1121006 is divided by 5869.
27
What is the remainder when 4118 is divided by 4098?
20
What is the remainder when 3984300 is divided by 726?
12
What is the remainder when 1731150 is divided by 75?
0
What is the remainder when 2757119 is divided by 551422?
9
What is the remainder when 22117758 is divided by 21964?
10
What is the remainder when 1104953 is divided by 368284?
101
Calculate the remainder when 623938 is divided by 212.
22
What is the remainder when 73382 is divided by 36401?
580
What is the remainder when 858432 is divided by 34335?
57
What is the remainder when 1997373 is divided by 824?
821
Calculate the remainder when 17255 is divided by 6952.
3351
What is the remainder when 217880 is divided by 8365?
390
What is the remainder when 380366 is divided by 10857?
371
What is the remainder when 297076 is divided by 138?
100
What is the remainder when 768094 is divided by 633?
265
Calculate the remainder when 8688189 is divided by 245.
244
Calculate the remainder when 43083427 is divided by 7180568.
19
What is the remainder when 1398970 is divided by 1537?
300
Calculate the remainder when 68954 is divided by 811.
19
Calculate the remainder when 98836 is divided by 49337.
162
Calculate the remainder when 2861845 is divided by 317975.
70
What is the remainder when 12369 is divided by 3017?
301
What is the remainder when 11394 is divided by 211?
0
Calculate the remainder when 427022 is divided by 2440.
22
What is the remainder when 112416 is divided by 27849?
1020
Calculate the remainder when 5082908 is divided by 1605.
1478
Calculate the remainder when 45878083 is divided by 7.
6
Calculate the remainder when 40335250 is divided by 52.
46
What is the remainder when 1591308 is divided by 1011?
1005
What is the remainder when 7481 is divided by 3000?
1481
Calculate the remainder when 1883802 is divided by 12991.
107
Calculate the remainder when 81968 is divided by 6827.
44
Calculate the remainder when 63282683 is divided by 32.
27
Calculate the remainder when 4414 is divided by 2100.
214
What is the remainder when 720712 is divided by 360343?
26
Calculate the remainder when 194558 is divided by 27793.
7
What is the remainder when 979589 is divided by 506?
479
What is the remainder when 1331101 is divided by 47539?
9
What is the remainder when 32083291 is divided by 5?
1
What is the remainder when 7355982 is divided by 93?
54
Calculate the remainder when 31177519 is divided by 22.
21
What is the remainder when 44199687 is divided by 3957?
3954
What is the remainder when 250507062 is divided by 31?
30
What is the remainder when 1612585 is divided by 331?
284
Calculate the remainder when 305439 is divided by 2065.
1884
What is the remainder when 14800592 is divided by 6?
2
Calculate the remainder when 59556